- 11 - 52, 45 = 3*u - 3*k. Calculate the remainder when 33 is divided by u.
1
Let i(s) = s**2 - 6*s + 7. Let t be i(5). Suppose -5*b + p = -p - 29, t*b + 3*p - 23 = 0. What is the remainder when -3*2/(-60)*130 is divided by b?
6
Let b = 272 - 265. Calculate the remainder when (-284)/(-6) + 9/(-27) is divided by b.
5
Calculate the remainder when 39 is divided by 1840/152 - (-2)/(-19).
3
Let p = -487 - -531. Calculate the remainder when p is divided by 42.
2
Let d = -131 - -88. Let u = -29 - d. Calculate the remainder when 26 is divided by u.
12
Suppose s - 29 = -5*l + 181, 5*l - 195 = -4*s. Let r(f) = 1. Let m(b) = b + 26. Let o(d) = m(d) - 4*r(d). What is the remainder when l is divided by o(0)?
21
Let z be 72/(-1) + (10 - 7). Let c = -56 - z. Calculate the remainder when 50 is divided by c.
11
Suppose -8*o - 326 = -550. What is the remainder when 136 is divided by o?
24
What is the remainder when 115 is divided by -7 + 65 + -3 + 2 + 6?
52
Let i = 1093 + -1048. Calculate the remainder when i is divided by 4.
1
Let j(r) = -3*r**3 - 7*r**2 - 4*r - 6. What is the remainder when j(-4) is divided by 34?
22
Let u(k) = k**3 - 3*k**2 - 9*k + 20. Suppose 0 = 3*p - 5*x - 0*x - 19, 4*x - 28 = -3*p. Calculate the remainder when u(p) is divided by 15.
13
Let h(w) be the third derivative of w**5/30 - 5*w**4/12 + 7*w**3/6 + 2*w**2. Calculate the remainder when ((-5)/(-2) - 1)*12 is divided by h(5).
4
Let b = 466 + -682. Let p(o) = -o**2 + 9*o + 2. What is the remainder when ((-10)/(-3))/((-16)/b) is divided by p(7)?
13
Let t = -19 + 23. Suppose 9*i - 130 = t*i. Calculate the remainder when 48 is divided by i.
22
Let v = -7 - 15. Calculate the remainder when 13 is divided by v/(-8) - 2/(-8).
1
Let w(l) = -6*l - 3. Calculate the remainder when 1082 is divided by w(-10).
56
Suppose 5*j - 3*t + 7 = -13, -3*t = -3*j - 18. Let g = 21 - 15. What is the remainder when 3 is divided by (3/g)/(j/(-2))?
0
Let s(a) = 2*a - 5. Let w be s(12). Suppose -w = -5*f - 4. What is the remainder when 7 is divided by f?
1
Let m(z) = -2*z + 50. Calculate the remainder when 46 is divided by m(20).
6
Suppose 0 = z - 264 + 19. What is the remainder when z is divided by 19?
17
Let y(z) = -z**3 - 2*z**2 - 6. Let a be y(-3). Calculate the remainder when 12 is divided by 2*a/6*8.
4
Let c = 33 - 18. Let f(p) = 12*p - 15. Let l be f(6). Suppose 5*x = j - l, x - 57 = -j + 3*x. What is the remainder when j is divided by c?
12
What is the remainder when 75 is divided by 616/66 - (16/(-6) + 3)?
3
Suppose 30 = -2*c - 3*c. Let k be (-500)/(-30) + 4/c. Let b = 43 - k. What is the remainder when 80 is divided by b?
26
Suppose -5*i = -4*u - 7, -10 = 3*u + 2*u - 5*i. Let t = 36 + u. Calculate the remainder when t is divided by 18.
15
Let o be (0 - 1)/(5/(-205)). Let s = o + -34. Calculate the remainder when 17 is divided by s.
3
Suppose 3*i + 4*l - 272 = 0, 9*l - 10*l - 4 = 0. Calculate the remainder when i is divided by 50.
46
Suppose 0 = -2*d - d + 6. Suppose 0 = -d*y - 0*y + 12. Let s(k) = 2*k**2 - 3*k - 5. Calculate the remainder when s(4) is divided by y.
3
Let z(d) be the first derivative of 8*d**2 + 6*d - 5. Calculate the remainder when z(2) is divided by 8.
6
Let u = -407 - -437. What is the remainder when u is divided by 6?
0
Let t = 122 - 43. Suppose 5*i = -3*s + i - 21, 0 = -s - 4*i - 15. Let w = s + 23. What is the remainder when t is divided by w?
19
Suppose -1094 = -5*k - 389. Let i = -19 + 22. Suppose i*n = 4*b + 127, 0 = 3*n + 2*b + b - k. What is the remainder when n is divided by 12?
9
Let c = 927 - 920. Calculate the remainder when 432 is divided by c.
5
Suppose -5*h + 46 = 1. Suppose -h = w + 5*j, 5*w = -2*j + 45 + 2. What is the remainder when 74 is divided by w?
8
Let c(g) = 2*g**2 + 4*g + 2. Let a(j) = 0 + 1 - 17*j + 44*j - j. What is the remainder when a(2) is divided by c(-4)?
17
Suppose 24 = z - 2*w - 0, -z = -4*w - 32. Calculate the remainder when 948/(-8)*z/(-12) is divided by 41.
35
Suppose -17*w = -15*w - 70. What is the remainder when 166 is divided by w?
26
Let q(x) = 24*x**2 + 1. Calculate the remainder when q(1) is divided by 28/21*(315/4)/7.
10
Let f(d) be the third derivative of 79*d**4/12 + d**3/3 - d**2. What is the remainder when f(1) is divided by 27?
25
Let j = -282 - -507. Let h = 315 - j. Suppose 8*y - 5*y - h = 0. Calculate the remainder when y is divided by 11.
8
Let m(u) = -u**3 + 10*u**2 + 16. Suppose 3*y = 2*v + 38, -y = 2*y - 3*v - 42. Calculate the remainder when 47 is divided by m(y).
15
Let k(w) = -53*w**3 + 2*w**2 - 2*w + 1. Let d be k(1). Let p = d - -69. Calculate the remainder when 82 is divided by p.
14
Let c = -314 - -836. What is the remainder when c is divided by 21?
18
Suppose 2*i + 3*b = 102, b + b + 217 = 5*i. Calculate the remainder when i is divided by -2 + 60/(-8)*-2.
6
Let v be 6 - (5 - 4*3/4). Suppose -v*f + 0*s = 3*s - 423, -f + 127 = 5*s. What is the remainder when f is divided by 15?
12
Suppose 2*i - 4*i - 3*j + 47 = 0, j = i - 11. What is the remainder when 92 is divided by i?
12
Suppose 0 = 2*g - 2*r - 28, -4*r + 38 = 5*g - r. What is the remainder when 58 is divided by (-1)/(g/(-3) + 3) - -9?
10
Let w(p) = -27*p**2 - 169*p + 5. What is the remainder when w(-5) is divided by 167?
8
Let k = -21 - 75. Calculate the remainder when 1/(-2) + 165/22 is divided by -2 - ((-2)/(-4))/(8/k).
3
Suppose -4*o + 3*t + 2829 = 0, 3*o = 9*t - 8*t + 2123. Suppose -o = 21*k - 27*k. What is the remainder when k is divided by 40?
38
Let n(k) = -4*k**3 + 3*k**2 + 14*k + 11. Calculate the remainder when 56 is divided by n(-2).
2
Let g(w) = -50*w. Let o be g(-10). Calculate the remainder when 138 is divided by (-22)/(-18) - 1 - o/(-18).
26
Let r = -47 + 51. Suppose 16 = -4*t, 0 = -r*d + 5*d + 4*t - 11. Calculate the remainder when d is divided by 6.
3
Let r = -248 + 284. Suppose -2*v + 48 = 2*v + 4*m, -3*v - m + 38 = 0. What is the remainder when r is divided by v?
10
Let t(z) = -z**3 - 21*z**2 - 20*z + 4. Let a be t(-20). Suppose -3*u - 51 = -a*d, -15 = 3*u - 0. Calculate the remainder when 50 is divided by d.
5
What is the remainder when 225 is divided by (2*(-2)/16)/((-5)/920)?
41
Let g(x) = -x**2 - 10. Suppose 2*s = 7*s. Let t be g(s). What is the remainder when (-2)/t - (-668)/10 is divided by 23?
21
Suppose -10*w + 15*w - 70 = 0. Calculate the remainder when 1019 is divided by w.
11
Suppose -4*b + 34 = 10. Suppose -5*j = -b*j + 6. Suppose 4*w = 3*f - 22, -5*f - 5*w + 3*w + 80 = 0. Calculate the remainder when f is divided by j.
2
What is the remainder when 4/1 - (-3)/(-1) is divided by (12/48)/((-2)/(-8))?
0
Suppose 0 = -14*v + 35*v - 147. Calculate the remainder when 110 is divided by v.
5
Let z(k) = -2*k**3 - 3*k**2 - 3*k - 13. What is the remainder when 1148 is divided by z(-3)?
21
Let w(n) = 30*n + 307. Calculate the remainder when w(-10) is divided by (1*-2)/(4/(-10)).
2
Suppose -2*f - 5*j + 130 = 0, 5*j = -f + 3*f - 110. Let k = -29 - -60. Calculate the remainder when f is divided by k.
29
Let d(o) = 6*o**2 + 14*o + 36. What is the remainder when d(-9) is divided by 13?
6
Calculate the remainder when (-312)/260*3/4*-1430 is divided by 86.
83
Let c(j) be the second derivative of -59*j**4/6 - j**3/6 + j**2 - 4*j. Let x be c(1). Let n = x + 173. What is the remainder when n is divided by 15?
11
Suppose -96*f = -95*f - 53. What is the remainder when 211 is divided by f?
52
Let l be (1 - 11) + 0/8. Let v be (-30)/(-7) + l/35. Suppose 3*i + v = 49. Calculate the remainder when 44 is divided by i.
14
Let x(a) = 2*a**2 + 13*a - 8. Let v(c) = 47*c**2 + 11*c - 11*c. What is the remainder when v(-1) is divided by x(-8)?
15
Calculate the remainder when 100*(-2)/(16/(-6)) is divided by 220/88*128/10 + -6.
23
Let k = 17 + 48. Suppose -4*m - 4*i + 92 + 52 = 0, -4*m + i + 134 = 0. Calculate the remainder when k is divided by m.
31
Let p = -1070 - -1125. Calculate the remainder when 76 is divided by p.
21
Let r(n) = -2*n**2 + 32*n - 55. Calculate the remainder when r(14) is divided by 1.
0
Calculate the remainder when ((-38)/(-3))/((-4)/(-6)) is divided by 11/13 + -1 + 93/13.
5
Let j(a) = 25*a**2 + 0*a**2 - a + 7 + 4*a - 5*a. What is the remainder when j(2) is divided by 21?
19
Let m(n) = -5*n**3 - 3*n**2 - 2*n - 3. Let s = -67 - -65. What is the remaind